 j(d) = d**3 + 2*d**2 - 4*d - 4. What is j(n)?
-1
Let d(s) = -9*s**2 - 5*s - 7. Let g(x) = 3 + 2 + 7*x + 0 + 5 + 14*x**2. Let m(f) = 7*d(f) + 5*g(f). What is m(-1)?
8
Let q = -5 - -8. Suppose -q*w - 36 = -0*w. Let s = -8 - w. Let f(g) = -g**2 + 3*g - 1. Give f(s).
-5
Let d(z) = -z**3 + 4*z**2 + 5*z + 2. Let t be 24/20*80/3. Suppose t + 2 = 2*x. Suppose -5*o = -x - 8. Determine d(o).
2
Let i(q) = -q**3 + 6*q**2 - 5*q + 5. Let a be 0/(((-2)/1)/1). Suppose 0 = 5*c - a*c + y - 25, -5*c + y + 25 = 0. What is i(c)?
5
Suppose -2*o = 5*m + 4, -m + o - 4*o = -7. Let t = 0 - m. Let g(j) = 2*j + t*j - 7 + 9. Give g(-2).
-6
Let b(j) be the second derivative of -j**5/20 + j**4/2 + 4*j**3/3 - 9*j**2/2 - 2*j - 2. Calculate b(7).
-2
Let f(j) = j**3 + 4*j**2 + j - 3. Let k be f(-3). Let b(c) = -k - 2 + 3 + 4 + c. Calculate b(5).
7
Let s(c) = 2*c - 11 + 3*c - 4*c. Let w(a) be the second derivative of -a**5/20 - 3*a**4/4 - a**3/3 - 6*a**2 - 7*a. Let k be w(-9). Give s(k).
-5
Let n = 81 - 75. Let z(f) = 3*f - 11. Let l(t) = -2*t + 6. Let x(v) = -5*l(v) - 3*z(v). Determine x(n).
9
Let x(b) = -b**2 + 33*b - 28*b - 6 + 2. Give x(6).
-10
Let j(g) be the first derivative of g**2 - g - 1. Let u be j(-2). Let v(q) = q + 6. Determine v(u).
1
Let r(k) = -5*k - 4*k**2 + 2 + 5*k + k**3. Let s(q) = -q**2 - 5*q - 2. Let m be s(-3). What is r(m)?
2
Suppose 4*d + 1 = -4*a + d, 32 = -3*a + 4*d. Let h(w) = w**2 + w - 4. What is h(a)?
8
Let u(i) = -12*i - 2. Let d(r) = 14*r + 2. Let b(n) = 5*d(n) + 6*u(n). What is b(-2)?
2
Let z(g) = -7*g**2 - 2*g - 1. Let y(f) = f**2 + 5*f + 9. Let d(o) = -2*o**2 - 11*o - 18. Let q(p) = 4*d(p) + 7*y(p). Let j be q(-8). Calculate z(j).
-6
Let d(o) = -7 + 3*o**2 + o**2 + 2*o - o**2 - 2*o**2. What is d(-5)?
8
Let w(t) = -t**3 - 10*t**2 + 1. Let m be w(-10). Let h(z) = -6*z**2 - 11*z + 9. Let x(a) = 3*a**2 + 5*a - 4. Let v(n) = -4*h(n) - 9*x(n). Give v(m).
-4
Suppose 0 = 3*y + y + 2*q + 32, 8 = -4*q. Let p = -12 - y. Let d(x) = 3 - 8 - 5*x - x**2 + 5. Determine d(p).
0
Let a(g) = -2*g**3 + g**2 + g + 1. Let h be (-2)/(-9) + (-66)/54. Calculate a(h).
3
Let f(z) = 3*z**2 + z**2 + 1 + 2 - 5*z**2 - 4*z. Determine f(-5).
-2
Let v(u) = -u. Let o(a) = 5*a + 8. Let d(w) = -o(w) - 6*v(w). Calculate d(0).
-8
Let s(y) = -y**2 + 8*y - 6. Let m be (-5)/(3 - (-46)/(-12)). Give s(m).
6
Let w = 20 + 3. Suppose w = 3*i + 2*x, i + 0*x = 2*x - 3. Let t(h) be the second derivative of -h**4/12 + h**3/2 + h**2 + h. What is t(i)?
-8
Suppose 0 = m - 3*m + 10. Let v(y) = -2 + 4*y + 3*y - m*y - y. Give v(-3).
-5
Let i(h) = -4*h**3 + h**2 - 1. Let b be i(1). Let u(v) = -v - 7. Calculate u(b).
-3
Let p(u) be the third derivative of -u**6/120 - u**5/30 - u**4/24 - 2*u**3/3 - 3*u**2. Calculate p(-3).
8
Let j(x) = -2*x**3 - 5*x**2 - x - 8. Let z(g) = -g**3 - g - 1. Suppose 4*v = -4*o + 12, 3*o - 4*v - 3 = 6. Let r(u) = o*z(u) - j(u). Determine r(4).
13
Let w(x) = -x - 3. Let p = 18 - 15. Determine w(p).
-6
Let x(q) be the third derivative of -q**4/12 + q**3/2 + 2*q**2. What is x(5)?
-7
Let p(i) = -22*i + 2*i**3 - 21*i + 44*i. What is p(-1)?
-3
Let p(n) = -n**3 + 3*n**2 - 4*n + 4. Let i = 14 + -11. Suppose i*z + z - 3 = -5*w, 15 = 4*w - z. What is p(w)?
-8
Let b(z) = -z**2 + 5*z. Suppose -3*s + 2*s - 5 = 0. Let k = s + 5. Suppose 0*i - 4*i + 20 = k. Determine b(i).
0
Suppose 0 = -2*o - 8 + 44. Suppose 3*z + n = -3*n - 20, n = -4*z - o. Let s(w) = w + 8. Give s(z).
4
Let n be -1*-2*3/6. Let w(k) be the second derivative of 5*k**4/12 + k**3/6 - 4*k. Determine w(n).
6
Let a(x) be the third derivative of -x**4/24 + x**3 + 4*x**2. Calculate a(0).
6
Let n(r) = -r**2 - 2*r. Suppose 0 = 4*c - 0*c + 20, -3*c - 63 = 4*y. Let j = -14 - y. Determine n(j).
0
Let v(o) = 3 - 3 + 4 + 2*o. Let u = -1 - -16. Suppose -r + 3*q + 9 = -6*r, -u = 3*r - 3*q. Determine v(r).
-2
Let v(s) be the second derivative of 0 + 3*s + 0*s**3 - 1/12*s**4 + 5/2*s**2. Let j = 1 + -1. Give v(j).
5
Let c(g) = -2*g - 3. Let p be c(0). Let s(u) = 7*u. Let h(o) = 8*o. Let m(t) = 6*h(t) - 7*s(t). Give m(p).
3
Let k(c) = 5*c - 22. Let p be k(5). Let b(t) = -t**3 + 4*t**2 - 3*t - 4. What is b(p)?
-4
Let k(c) = -12*c + 1. Suppose n + 2 + 0 = 0. Let s = n + 1. Calculate k(s).
13
Let n(x) = -4*x + 6*x**3 + 5*x - 7*x**3 - 3*x. What is n(-2)?
12
Let r(u) = -47*u**2 - 53*u**2 + u - 6 + 99*u**2. Give r(0).
-6
Let q be -3*(-4 + 32/12). Let c(o) = -o. What is c(q)?
-4
Let k(r) = -3*r**2 + r + 3. Suppose -a = 4*v - 14, 4*v - 5*v + a = -1. Calculate k(v).
-21
Let q = 1 - -1. Let r be (8/16)/(2/8). Let j(m) = -2 + r*m**2 - 8*m + 8*m. Determine j(q).
6
Suppose -7 = -2*d + 5. Suppose -3*z = -d*z - 3. Let j(m) = -2*m**3 - m**2 + 1. Calculate j(z).
2
Let n(o) be the third derivative of o**7/420 + o**6/120 + o**5/60 + o**4/8 - o**3/3 + o**2. Let j(k) be the first derivative of n(k). Determine j(-2).
-5
Suppose -3*f + 7*f = -4. Let b(p) = 12*p. Give b(f).
-12
Let i(w) = w - 2. Let m(f) = -2. Let u(n) = 9. Let l(q) = 26*m(q) + 6*u(q). Let p(k) = -2*i(k) - 3*l(k). Calculate p(4).
-10
Let q(m) be the first derivative of -3/2*m**2 + 1 - 5*m. Determine q(-4).
7
Let t(o) = -2*o - 4. Let w be t(-3). Suppose -w*b - 3*b = -10. Let p(z) = -2 + 2*z - 5*z - 2*z**b - z**2 - z. What is p(-2)?
-6
Let a(w) = -w**2 + 3*w + 2. Let r = -52 - -57. Calculate a(r).
-8
Let j = -16 + 12. Let r(v) = v**2 + 4*v - 2. Calculate r(j).
-2
Let g(h) = -5*h**3 - 7*h**2 - 3*h + 5. Let t(p) = 11*p**3 + 14*p**2 + 5*p - 9. Let i(z) = 13*g(z) + 6*t(z). Give i(8).
3
Let s(h) = h + 11. Let z be s(-8). Let w(a) = -a**3 + 4*a**2 - 2*a - 2. Let t be w(z). Let p(f) = -1 - t + 3*f**2 + 1. Give p(1).
2
Let h be (-2)/(-6) + (-8)/6. Let c = h - -5. Suppose z = -c*z + 15. Let s(f) = 2*f. What is s(z)?
6
Suppose -4*u + 485 = 89. Let q(s) = 9*s. Let t(k) = -441*k. Let i(c) = u*q(c) + 2*t(c). Determine i(-1).
-9
Let c(j) = -j + 6. Let y(w) = -2 + 8 - 1 + w - 8. Let n be y(3). Give c(n).
6
Let q(n) = -n**2 - n. Let c(z) = 2 - z + 0*z**2 + 7*z + z**2 + 2. Let f be c(-5). Give q(f).
0
Let c(g) be the third derivative of -g**5/60 - g**4/4 + g**3/6 + g**2. What is c(-6)?
1
Let r(q) = -2*q**2 - 3*q - 2. Let h(n) = n**2. Let w(z) = h(z) + r(z). What is w(-2)?
0
Let j(a) = a**3 - 3*a**2 - 7*a + 6. Let s(o) = 3*o**3 + 4 - 4*o**3 - 7*o**2 - o - 5*o. Suppose -4*l + 0 = 24. Let h be s(l). Calculate j(h).
-6
Suppose 4*h - 3 = 3*d + 8, 3 = d + 2*h. Let v(t) = -5*t**3 - t**2 - t. What is v(d)?
5
Suppose 2*y - 5*u = 11 + 1, -3*y - 1 = 2*u. Let f(o) = -2*o. Let v(h) = -6*h. Let q(c) = 11*f(c) - 4*v(c). Give q(y).
2
Let h = -19 - -19. Let g(v) = v**2 - v - 5. Give g(h).
-5
Let j be (-18)/5*(20 - 10). Let l be (-4)/6*j/24. Let n(i) = -5*i**2 - 2*i + 1. Calculate n(l).
-6
Suppose 3*o = -5*y - 37, -5*o = -10*o - 2*y - 30. Let c = -2 + 4. Let m = o + c. Let r(a) = -a**3 - 2*a**2 + 4*a + 3. What is r(m)?
-5
Let i(j) = j**2 - 12*j + 16. Let d(f) = -3*f**2 + 35*f - 46. Let s(k) = 4*d(k) + 11*i(k). Determine s(6).
4
Let c(u) = 2*u**2 + 8*u - 1. Let m(t) be the first derivative of -t**3/3 - t**2/2 - t - 2. Let b(z) = c(z) + 3*m(z). Give b(4).
0
Let t(g) be the third derivative of -g**5/60 + g**4/2 - 4*g**3/3 + 4*g**2. Give t(8).
24
Suppose 21 = -3*v - 2*a, 0 = 4*v + 2*a + 3*a + 28. Suppose -g - 1 = 9. Let z = v - g. Let q(o) = -o**2 + 2*o + 2. Determine q(z).
-1
Let j(k) = -k**2 - 8*k - 5. Let g be -2 - ((-5)/(-5) + 2). Calculate j(g).
10
Suppose 4*o = 2*o - 4, -4*h = 3*o + 14. Let w(q) = q**3 + q**2 + q + 1. Determine w(h).
-5
Let q(j) = j**2 + 6*j**2 - 6*j**2. Calculate q(0).
0
Let g = -18 + 24. Let p(q) = -q**3 + 5*q**2 + 7*q - 3. Calculate p(g).
3
Suppose 0 = v + 7 - 8. Let t(d) = -13*d**2. Give t(v).
-13
Let m(i) = -6*i**3 + i - 1. Let b(n) = -n + 1. Let a be b(-1). Let q be (a/(-2))/(7/(-7)). Calculate m(q).
-6
Let l(c) = 5 + 0*c**2 - 92*c + 0 + 78*c + 2*c**2. Let k be l(7). Let t(x) be the first derivative of x**2/2 - 4*x - 1. Give t(k).
1
Let q(b) = -26*b + 17*b + 13*b. Give q(1).
4
Let j(d) = d + 8. Let v be (215/(-20) - 1/4) + 4. Calculate j(v).
1
Let t(g) be the second derivative of -g**3/6 - 5*g**2/2 + g. Let c be t(-6). Let v(i) = 0*i + 2*i + i + c. What is v(-1)?
-2
Let p(m) be the third derivative of -m**4/8 + m**3/2 + 11*m**2 + 2*m. Suppose 4*h + 3*x = 3*h, 2*h = -4*x + 2. Give p(h).
-6
Let q be 2/(-7)